 -5*s = 5*o - 125, 4*o - 98 = -5*s + 2*s. Let d = o + f. What is the greatest common divisor of d and 105?
15
Let b be (13/(182/(-24)))/((-4)/70). Calculate the greatest common divisor of 20 and b.
10
Suppose -2*q - q = -132. Calculate the greatest common factor of q and 4.
4
Let p(w) = w**2 + 6*w - 13. Let s(r) = -r - 1. Let m(o) = -p(o) + 2*s(o). Let y be m(-9). Let f = 9 + -4. What is the highest common factor of y and f?
1
Let a(h) = -2*h + 1. Let x be a(-4). Let n = 45 - x. What is the greatest common factor of 9 and n?
9
Suppose -5*j - s + 80 = -74, j - 5*s - 10 = 0. What is the greatest common divisor of j and 45?
15
Suppose 4*d - 7*d + 63 = 0. Suppose 0 = -4*w - 7 + 3, -w = i - 13. What is the highest common factor of d and i?
7
Let r be 17/(-3) + 4/6. Let q be (-834)/(-10) - (-2)/r. Suppose -4*o = -259 + q. What is the greatest common divisor of 11 and o?
11
Let i(x) = -x**2 - 7*x + 8. Let y be i(-7). Suppose 15*v + 53 = 533. What is the greatest common factor of y and v?
8
Suppose -13*a + 260 = 7*a. Let b be (0 + 1)/((-2)/(-10)). Suppose -37 = -b*x + 93. What is the greatest common factor of x and a?
13
Let c = 2 + -1. Let r be -3*(4 + 4/(-2)). Let z be (r/15)/(c/(-25)). Calculate the greatest common divisor of z and 40.
10
Let u be (-42)/9*(-2 + (-4)/7). Calculate the highest common factor of u and 96.
12
Let k be ((-1)/(-2))/((-1)/(-4)). Let p be 1/(-2)*(0 + -12). Suppose r + s - 2 = k*s, r - p = 5*s. Calculate the greatest common factor of 1 and r.
1
Suppose 4*h = 7 + 5. Suppose -i = 4*i. Suppose h*k + 45 = 5*v, -v - 5*k + 12 + 25 = i. Calculate the highest common divisor of 36 and v.
12
Let x(b) = -b**3 - 15*b**2 - 13*b + 32. Let l be x(-14). Suppose 67 = 5*a + 7. What is the highest common divisor of l and a?
6
Suppose 0 = -5*h + 10 + 15. Suppose -5*p + p + 180 = 0. Calculate the highest common divisor of p and h.
5
Let z = 0 + 12. Let q be 1 + (0 - (-106 + -1)). What is the greatest common factor of z and q?
12
Let i(y) be the third derivative of 17*y**6/120 - y**4/12 + y**3/6 + 3*y**2. Let k be i(1). What is the highest common factor of 16 and k?
16
Let f be (1 + 3)*(-55)/(-4). What is the highest common divisor of f and 22?
11
Let t(s) be the first derivative of s**3/3 - 2*s**2 - 5*s + 5. Suppose -1 = -v + 5. Let h be t(v). Calculate the greatest common factor of h and 70.
7
Let b = -35 - -190. Calculate the highest common divisor of 31 and b.
31
Let n(m) = 9*m + 6. Let a be n(4). What is the highest common divisor of 28 and a?
14
Suppose 0 = -4*n - 0*n + 160. Suppose -4*z + 29 + 51 = 0. Suppose 3*u = u + z. Calculate the highest common factor of n and u.
10
Suppose 6*t - 2*t - 34 = -2*l, -4*t + 55 = -5*l. Suppose -4*h = -4*b - 364, -3*b - 73 = 4*h - 430. What is the greatest common divisor of t and h?
10
Suppose -3*i - 2*i = 10, 0 = -5*b - 4*i + 32. Calculate the highest common factor of 8 and b.
8
Let a(l) = 5*l + 13*l - 7*l - 1. Let w be a(1). Calculate the highest common factor of 60 and w.
10
Let c be (-2 - -1)*(-6)/(-6). Let d be (3 - (2 + c)) + 7. Calculate the highest common factor of 9 and d.
9
Let z = 89 + -82. What is the highest common factor of 7 and z?
7
Suppose -2*d = 2*w - 6, 3*w - 5*w - 4*d = -6. Let o(c) = c**3 + 4*c**2 - 2. Let s be o(-2). Let f = s - w. Calculate the highest common divisor of f and 3.
3
Let a be (-4 - -4)/(-4) + 28. What is the highest common divisor of a and 7?
7
Let f(r) = -2*r**2 + 15*r. Let v be f(10). Let n = 130 + v. Calculate the greatest common divisor of n and 16.
16
Let f(b) = b**3 + 12*b**2 - 10*b - 8. Let y be f(-12). Suppose 5*o - 56 = 14. What is the greatest common divisor of o and y?
14
Let j be -1 - -1 - (-23 - -1). Let b(q) = 2*q**3 + q**2 + 10. Let t be b(4). What is the highest common factor of t and j?
22
Let v(q) = 11*q**2 + q - 4. Let s be v(2). Calculate the greatest common divisor of 6 and s.
6
Let j(t) = 13*t**2 - 1. Let o be j(1). What is the highest common factor of o and 132?
12
Let b = 37 + 73. Calculate the highest common factor of b and 10.
10
Let t be (4/2)/(-2) + 7. Suppose r - t*r = -10. Suppose -r*x + 140 = 50. What is the greatest common divisor of x and 5?
5
Let c be (5 - 2/1)*10. Let r = 7 - -18. Let y = r - 13. What is the greatest common divisor of y and c?
6
Let x = -5 + 13. Calculate the greatest common factor of 64 and x.
8
Let s be 2/4 - (705/(-6) - 3). What is the greatest common divisor of s and 11?
11
Let i(n) = n**3 + n**2 + n + 84. Suppose -5*b + 8*b = 3. Let c(x) = -x**3 + x. Let z be c(b). Let k be i(z). Calculate the greatest common factor of 12 and k.
12
Let u = 1 - -4. Let c be 5*u/(25/9). Calculate the highest common factor of 9 and c.
9
Let j(g) = 6*g + 2. Let d be j(3). Calculate the greatest common divisor of 50 and d.
10
Suppose -3*g + 7*g = 0. Suppose g = -4*y + 14 - 2. Calculate the highest common factor of 24 and y.
3
Let z be 1/(-1 + 24/23). What is the greatest common divisor of 253 and z?
23
Let r = -64 - -73. Let n(a) = -17*a. Let v be n(-1). Let h = v + 19. What is the greatest common divisor of r and h?
9
Suppose 3*p - 2 - 4 = 0. Suppose -1 = -p*z + 3. Calculate the highest common factor of z and 16.
2
Let m = -32 - -54. Let w be 0 + (-2)/2 - 1. Let z = m + w. Calculate the highest common divisor of z and 30.
10
Suppose 0 = -3*b + b + 16. What is the greatest common factor of b and 1?
1
Suppose 3*u - 9 = y - 4*y, -3*u - 5*y + 1 = 0. What is the highest common divisor of u and 77?
7
Suppose -2*u = -5*u + 12. Suppose 2*q + 10 = 4. Let y = u + q. What is the highest common divisor of y and 5?
1
Let u = 2 + -2. Let k = u + 10. What is the greatest common divisor of k and 5?
5
Let t(k) = -k**3 + 1 - 11*k**2 + 13 - 6*k - 3*k. Let i be t(-10). Let j = 5 - i. Calculate the greatest common factor of j and 3.
1
Let n be 322/10 - (-4 - 147/(-35)). Calculate the highest common divisor of n and 16.
16
Let v(r) = r**3 + 8*r**2 + 4*r. Suppose 4*z + 31 = 11. Let i be v(z). What is the highest common divisor of i and 11?
11
Let t be (2/4)/(3/((-48)/(-2))). What is the highest common divisor of t and 8?
4
Suppose -3*a + 126 = -117. Let y = -20 + 29. What is the highest common divisor of a and y?
9
Suppose -2*t + 0*t + l + 28 = 0, -4*t - l = -44. Let a = 4 + -6. Let w be (2 + a - 2) + 20. Calculate the greatest common factor of w and t.
6
Let v = -4 - -8. Suppose 0 = -4*l + 8*l - 5*o - 31, 4*l = -4*o + v. Suppose -2*a + l*a = 168. Calculate the greatest common factor of a and 14.
14
Let a = 5 - 10. Let y = -5 - a. Let d(c) = -c**3 + c + 143. Let m be d(y). What is the greatest common factor of 13 and m?
13
Let d = 3 - 3. Suppose -14*n + 17*n - 180 = d. Calculate the greatest common divisor of n and 6.
6
Suppose -2*n = 3*i + 3, 0 = -2*n + 5*i + 1 + 20. Suppose -21 = -n*h - 0*h. Calculate the greatest common divisor of 77 and h.
7
Suppose 2*a = -2 + 6. Suppose a*n = -n + 12. Calculate the highest common divisor of n and 10.
2
Suppose -5*i = -3*j + 186 + 39, -2*j + 172 = 4*i. What is the greatest common divisor of 20 and j?
20
Let p = 24 + -8. What is the greatest common divisor of 48 and p?
16
Suppose 11*o - 7*o = -44. Let l = o - -27. Suppose -2*s - 2*s + 512 = 0. What is the greatest common divisor of s and l?
16
Let x = 6 + 8. What is the highest common divisor of x and 140?
14
Let u = -23 - -43. What is the highest common divisor of u and 4?
4
Suppose 4*n - 3*w - 1 = 0, -5*w = 5*n - 3*w - 30. Suppose n*o - 22 = 10. Suppose -2*l + o = -0*l. What is the greatest common factor of l and 4?
4
Let q = -3 + 29. Calculate the highest common factor of q and 39.
13
Suppose 12 = p + 4*k, 6*p - 3*p - 87 = 5*k. What is the highest common divisor of p and 56?
8
Let x(t) = -t**2 - 14*t + 4. Let c be x(-7). Calculate the greatest common divisor of c and 424.
53
Let y(l) = l**3 - 11*l**2 - 12*l + 11. Let k be y(12). Let g = -46 + 145. Calculate the highest common factor of g and k.
11
Suppose 0 = 2*i - 7 - 1. Suppose 14 + 62 = 19*f. Calculate the greatest common factor of f and i.
4
Suppose -110 = -5*s - 2*z, 5*s + 4*z - 84 = 36. Let q(k) = -3*k**3 - 6*k**2 - 2*k - 3. Let a be q(-3). Calculate the highest common factor of s and a.
10
Suppose -2*f = 4*p - 7 - 3, -2*f - 5*p + 10 = 0. Suppose 3 = -l - f. Let c be ((-6)/l)/((-3)/(-96)). What is the great